uppose 4*b - 139 = 3*b + 3*g, -g - 625 = -5*b. What is the remainder when b is divided by u?
19
Let f(m) = -57*m + 31. Let l be f(-2). Suppose 674 + l = 7*v. Calculate the remainder when v is divided by 25.
17
Let a(m) be the third derivative of -m**6/120 + 11*m**5/60 - 19*m**4/24 + 2*m**3 + 16*m**2 + 1. Calculate the remainder when a(6) is divided by 28.
22
Suppose -423 + 4103 = 184*g. Suppose 0 = -2*d + 4*d - 158. Calculate the remainder when d is divided by g.
19
Suppose 4*k - 38 = -2*y, 5*y - 3*k = -k + 83. Let s(h) = 2*h**2 - 33*h + 2. Calculate the remainder when 94 is divided by s(y).
18
Let p(s) = 2*s**3 + 39*s**2 + 19*s + 29. Let v be p(-19). Suppose 489 = v*z - 1338. Calculate the remainder when 124 is divided by z.
61
Let s be 68/(-10)*(-110)/33*3. Suppose -s*z + 76*z = 128. Calculate the remainder when 173 is divided by z.
13
What is the remainder when (-1079)/(-2)*3*(-11 + (-333)/(-27)) is divided by 2149?
9
Let o(f) = f**2 + 11*f + 21. Let n be o(-9). Let l be (n/(-2))/((-3)/132). Suppose y = -4*i + l, -5*y + 3 = 13. Calculate the remainder when 49 is divided by i.
15
Let u(n) = -41*n - 15. Let q be u(-6). Let k = q - 216. What is the remainder when 53 is divided by k?
8
Let r be (-3 + -11)/7 - 337. Let z = -295 - r. What is the remainder when 104 is divided by z?
16
Let l(f) = -8*f**3 + f**2 - 1. Suppose 138*o - 334*o + 1568 = 0. Calculate the remainder when l(-1) is divided by o.
0
Suppose 3*k - 645 = 4*b - 0*k, 0 = 4*b - k + 639. Let q = 6 - b. What is the remainder when q is divided by 57?
51
Let q = -3381 + 3711. Calculate the remainder when q is divided by 55.
0
Let s(z) = 2*z**3 + 20*z**2 + 18*z + 6. Suppose -c - 2*b + 120 = c, 3 = b. Calculate the remainder when c is divided by s(-9).
3
Suppose 3*m + 49 = 4*b, 0 = -b - 3*m + 2*m + 14. Let z(w) = -838*w + 28. Calculate the remainder when z(0) is divided by 7/((-21)/6) + b.
6
Suppose w - 3 = 3*v, -3*v = -0*v - 3. Calculate the remainder when 18 is divided by 4/(-5)*((-525)/w)/5.
4
Let i = 7081 - 3562. Suppose 134*r - 117*r = i. Calculate the remainder when r is divided by 11.
9
Let j(l) = 5*l**2 + 134*l - 109. What is the remainder when j(-34) is divided by 1098?
17
Let d(l) = l**3 + 9*l**2 - l. Let q(f) = -f**2 - 9*f - 23. Let x be q(-7). Calculate the remainder when 70 is divided by d(x).
7
Suppose -35 + 14 = -3*x. Suppose 0 = 148*v - 149*v + 86. What is the remainder when v is divided by x?
2
Let u = 27 + -17. What is the remainder when 5 + 2/(-7) + 316/28 is divided by u?
6
Suppose -3*j + 2*g - 5*g + 27 = 0, j + 5*g = 29. Suppose j*n - 6*t + 3*t - 291 = 0, 3*n - 3*t = 222. Calculate the remainder when n is divided by 18.
15
Suppose -2*c + 11*z = 7*z - 870, 0 = z - 2. Calculate the remainder when c is divided by 97.
51
Let o be (1/(-3)*4)/((-26)/(-39)). What is the remainder when 77 is divided by ((-130)/(-15) - 6)/(o/(-30))?
37
Let b = 30738 + -30667. Let n(z) = z**2 + 4*z - 2. Suppose -m + 3 = -0*m. What is the remainder when b is divided by n(m)?
14
Suppose 2512 + 1260 = 23*i + 529. What is the remainder when 439 is divided by i?
16
Suppose -10 = -18*q + 8. Let k(u) = 17*u**3 + 2*u**2 + 1. Calculate the remainder when k(q) is divided by 13.
7
Suppose 44 = 8*h - 4. Let b be 2196/10 - 3*h/(-45). Let g = b - 107. What is the remainder when g is divided by 19?
18
Suppose 4*c - 3*y = 362, -7*y = -c - 12*y + 125. Calculate the remainder when 308 is divided by c.
23
Let m = -1576 + 1669. What is the remainder when 2322 is divided by m?
90
Suppose 5*y - c = 453, 175 = 4*y - c - 187. Let j = y - -1. Let f(o) = -o**3 + 8*o**2 - 6*o + 2. Calculate the remainder when j is divided by f(5).
45
Calculate the remainder when 70/(-420)*(-4)/(-7) + 4370/21 is divided by 40.
8
Suppose -3*g = 5*p - g - 262, 5*p - 274 = g. What is the remainder when 238 is divided by p?
22
Suppose 200*w - 335 = 465. Calculate the remainder when 2583 is divided by w.
3
Let n = 14253 + -14238. Suppose 0 = -0*w + 5*w - 2690. Calculate the remainder when w is divided by n.
13
Let u(p) = p**2 + 51*p + 654. Let n = 482 + -514. What is the remainder when u(n) is divided by (-34)/(-3) + 2/3?
10
Let y(d) = 2*d**2 - 113*d - 266. Calculate the remainder when 720 is divided by y(59).
24
Let z = 138 - 148. Let q(y) be the third derivative of y**5/60 + 3*y**4/8 + 11*y**3/3 + 3*y**2. Calculate the remainder when q(z) is divided by 6.
2
Suppose 3*q = -3*y, -q - 1 + 0 = 0. Calculate the remainder when -4*y*(-16)/2 is divided by 12 - 5/15*-15.
15
Suppose 14*l - 372 = 62. Suppose 0 = -2*j - 0*j. Suppose 0 = -j*r + r - h - 60, -240 = -4*r - 2*h. Calculate the remainder when r is divided by l.
29
Let a(b) = 2*b**2 + 257*b + 6739. What is the remainder when 1260 is divided by a(-27)?
2
What is the remainder when (-2039)/(-7) + 44/(-7) + -257 + 263 is divided by 152?
139
Let c(u) = -u**3 - u**2 - 14*u + 2. Let k be c(-6). Let q = 852 + -510. Suppose -k - q = -19*m. What is the remainder when 62 is divided by m?
30
Calculate the remainder when 801 is divided by (-4 + 71)*(-10)/2*(-13)/65.
64
Let l = 680 + -690. What is the remainder when 359 is divided by (-95*2/l)/1?
17
Suppose -824 = -7*x - x. Calculate the remainder when 118 is divided by x.
15
Let l(g) = -g**2 + 27*g - 141. Let y(s) = -s**3 - 6*s**2 + 11*s + 9. Let o be y(-7). Calculate the remainder when -1 - (-2)/(-1) - o is divided by l(19).
5
Suppose 2*t = 269 + 895. Suppose 2*q = -c - 233, q + 4*q = -3*c - t. Let o = -70 - q. Calculate the remainder when o is divided by 16.
15
What is the remainder when -2*325/26 - -4461 is divided by 33?
14
Suppose 244*m - 1274 = 230*m. Let j = 27 + -4. What is the remainder when m is divided by j?
22
Suppose 3*q = 5*q - 3*z - 1960, -3*q + 2940 = 3*z. Let j = 1501 - q. Calculate the remainder when j is divided by 35.
31
Suppose -2*f + 507 = v, -20*f = -15*f + 5*v - 1275. What is the remainder when 777 is divided by f?
21
Suppose 0 = -3*m + 4*f + 1367, -5*m + 114 = f - 2195. Calculate the remainder when m is divided by 232.
229
Suppose -23*c = 10 - 79. Suppose h + c*b - 132 = 0, -2*b + 173 = h + 40. What is the remainder when h is divided by 20?
15
Let f be 4/(3/6*2). Suppose -678 = -3*w - w - 2*m, -5*w + 864 = -3*m. What is the remainder when w is divided by 48 - (1 - f/(8/(-6)))?
39
Let o = 1 + 4. Calculate the remainder when 649 is divided by 24/(-120) + 126/o.
24
Suppose 5*s = -5*l + 1220, -278*l + 275*l + 3*s + 756 = 0. What is the remainder when 728 is divided by l?
232
Suppose 0 = 4*c - 0*r + 2*r - 1188, 5*r = 0. Suppose -5*y = -8*y + c. Calculate the remainder when 492 is divided by y.
96
Let g(s) = 4*s**2 - 2*s + 100. What is the remainder when g(16) is divided by 108?
12
Suppose -14*r = 51056 - 262022. What is the remainder when r is divided by 137?
136
Suppose 6*g - 7*g = -16. Let i = 230 + -204. What is the remainder when i is divided by g?
10
Let z(r) = r + 1. Suppose -2*q - 6*b = -5*b + 6, -12 = 2*q + 4*b. What is the remainder when 46 + -1 + 5 + (q - -1) is divided by z(9)?
9
Let d = -27205 + 30293. Calculate the remainder when d is divided by 6.
4
Let s = 67 - -84. Let h = s + -109. What is the remainder when h is divided by 15?
12
Suppose 8 + 264 = 5*z + 3*q, 5*z + 5*q - 280 = 0. Let s be (-3 - 0) + z - 2. Let g = -41 + s. What is the remainder when 11 is divided by g?
5
Let k = 4802 - 4615. Suppose 0 = -3*y + a + 64, a - 104 = 4*y - 9*y. Calculate the remainder when k is divided by y.
19
Suppose 14*h - 3*l = 10*h + 2913, -3*l - 2181 = -3*h. What is the remainder when h is divided by 9?
3
Suppose 0 = -k + 5*b - 28, 28 = 2*k + 5*b - 36. Calculate the remainder when 388/7 - (-12)/21 is divided by k.
8
Let p be 90/(-7*(-18)/168). Suppose 0 = p*l - 137*l + 391. Calculate the remainder when 136 is divided by l.
21
Let y(z) = 227*z - 2917. What is the remainder when 112 is divided by y(13)?
10
Suppose 26*h + 1490 = -34*h + 6650. What is the remainder when 333 is divided by h?
75
Let x(v) = v**2 - 3*v + 8. Let a be x(6). Let u = 49 - a. Suppose 3*t - 206 = 112*z - 114*z, -5*z = 4*t - 487. Calculate the remainder when z is divided by u.
22
Suppose -7*g = g - 424. Suppose 25 = -3*s - 2*s. Let n = 9 - s. Calculate the remainder when g is divided by n.
11
Let c(y) = y**2 + 4*y - 7. Suppose 10 = -r + 6*r. Suppose -37 = -r*l - 1